t k = v - -103. What are the prime factors of x(k)?
5
Suppose -71*a + 90 = -70*a. Let k = 395 - a. List the prime factors of k.
5, 61
Let c(v) = 11*v**2 + 18*v + 39. Let f be c(-23). Suppose 0 = 4*s - 5*r - f, 5*s - 10002 + 3164 = -2*r. What are the prime factors of s?
2, 683
Let c(d) = -d**3 + 10*d**2 + 21*d - 1. Let p be c(9). Let q = 33 + p. List the prime factors of q.
2, 151
Let n(k) = -k**3 + 18*k**2 - 41*k + 7. Let w be n(6). Let l = w + 654. List the prime factors of l.
7, 11
Let c(z) = 84*z - 101. Let l(p) = -p**3 + 30*p**2 + 27*p + 129. Let k be l(31). What are the prime factors of c(k)?
11, 29
List the prime factors of (552383/76 - (-114)/2166)/(6/16).
2, 11, 881
Suppose -5*n - 2*w - 4 = -6*n, 3*n + w - 26 = 0. Suppose n*i - 19*i + 715 = 0. What are the prime factors of i?
5, 13
Let c(h) = 19*h**2 + 177*h - 5603. List the prime factors of c(59).
70979
Suppose -4*j = -6*j + 3058. Suppose j - 342 = d. Suppose 17*a = d + 513. What are the prime factors of a?
2, 5
Suppose -3*r = 5*c - 6553, 2*c + 3*r - 2616 = 7*r. List the prime factors of 1/9 + c*30/108.
2, 7, 13
Let h be 70/21*3/2. Suppose -h*s + z = -641, 299 = 5*s + 3*z - 358. What are the prime factors of s?
3, 43
Let j = -501 + 627. What are the prime factors of ((-40208)/(j/9))/(0 - 2)?
2, 359
Suppose -36 = -4*v - 9*i + 4*i, 0 = -5*i. Let c(l) = 37*l + 146. What are the prime factors of c(v)?
479
Let i(h) = -56*h**2 - 10*h - 26. Let q be i(-5). Let l = q - -2880. Suppose 0 = z + 7*z - l. What are the prime factors of z?
2, 47
Let f(g) be the third derivative of -g**5/60 - 7*g**4/8 - 2*g**3 + 183*g**2. Suppose 4*t = -8 - 36. List the prime factors of f(t).
2, 7
Let j = 1496 + 21129. List the prime factors of j.
5, 181
Suppose -78*l = 37*l - 1424045. What are the prime factors of l?
7, 29, 61
Let o = -5425 + 8085. What are the prime factors of o?
2, 5, 7, 19
Let o = 8825 - 4679. List the prime factors of o.
2, 3, 691
Let h(c) be the third derivative of c**5/20 - c**4/8 + 5*c**3/6 + c**2 + 17. Suppose k - 24 = -3*k. What are the prime factors of h(k)?
5, 19
Let r(k) be the third derivative of 0*k - 1/24*k**4 + 15*k**2 - 3/40*k**6 + 0 - 1/20*k**5 + 1/2*k**3. What are the prime factors of r(-2)?
5, 13
Suppose -178*q + 190350 = -43*q. What are the prime factors of q?
2, 3, 5, 47
Let m(v) = 124*v**2 - 4*v - 1 - 120*v**2 - 10. Let x = 3 - 8. List the prime factors of m(x).
109
Let u(h) = -730*h**3 + 11*h**2 - 10*h - 5. List the prime factors of u(-4).
71, 661
Let i be 3 - 8*1/(-2). Suppose -6*t = -i*t - 54. Let y = 165 + t. What are the prime factors of y?
3, 37
Let m(l) = -390*l**3 - 3*l**2 - 56*l - 175. What are the prime factors of m(-3)?
2, 41
Suppose 19*b - 5370 = 9*b. Let p = -247 + b. What are the prime factors of p?
2, 5, 29
Let d(m) = 35*m - 2. Let u be d(3). Let x(g) = 55*g - 1102. Let f be x(23). Let n = f - u. What are the prime factors of n?
2, 3, 5
Suppose 29 = 11*d - 268. Let g = -48 + d. What are the prime factors of 7/2 - g/(-14)?
2
Let x(t) = -8 - 116 + 1 - 126*t - 15. List the prime factors of x(-7).
2, 3, 31
Suppose 190*v + 68*v = 7054094 + 794008. List the prime factors of v.
19, 1601
Suppose 44 = -4*b + 5*j, -4*b = b + 3*j + 18. Let z(h) = 23*h - 4. Let y be z(4). What are the prime factors of (b - y)*3/(-2) + -1?
2, 5, 7
Suppose 2341079 = 110*w - 540491 - 1626780. List the prime factors of w.
5, 7, 1171
Let q = 53 - 49. Suppose 8 = -6*v + 3*v - 4*y, 12 = -2*v - q*y. Suppose 3*h - 5*u - 37 = 77, 114 = 3*h + v*u. List the prime factors of h.
2, 19
Let l(u) be the first derivative of 103*u**2/2 + 76*u - 295. What are the prime factors of l(18)?
2, 5, 193
Suppose -4*p + 12 = -4, -36 = -4*v - p. Let u(n) be the second derivative of 19*n**3/6 + 31*n**2/2 + 20*n. List the prime factors of u(v).
3, 61
Let p be ((-20)/(-3))/4*21. Let h = -38 + p. What are the prime factors of 105*4/(-36)*h?
5, 7
Suppose 41*u - 4197622 = -102*u. List the prime factors of u.
2, 13, 1129
Let t = -19 + 17. Let h be (-12 + 10)*t*1. List the prime factors of 895/15 - h/6.
59
Suppose 4*y = -5*f + 58976, 0*y + 2*y - 47182 = -4*f. What are the prime factors of f?
2, 3, 983
Let v = 20707 - 8617. What are the prime factors of v?
2, 3, 5, 13, 31
Suppose 16*d + 292230 = 777702. List the prime factors of d.
2, 3, 13, 389
Let r = 669 + 933. What are the prime factors of r?
2, 3, 89
Let b be ((-11)/33)/((-1)/(-15))*-5. Suppose 910 - b = -5*w. Let r = w + 291. List the prime factors of r.
2, 3, 19
Let m = -232 - -212. What are the prime factors of m*5/(-20)*215?
5, 43
Let b(p) = -p**3 + 12*p**2 + 3*p - 5. Let i = -13 - -15. Suppose -7*k + 60 = -i*k. What are the prime factors of b(k)?
31
Suppose -4*l + 37172 = -2*u, 7*l - 9293 = 6*l + 4*u. What are the prime factors of l?
9293
Suppose -2*g - 21 = -9*g. Suppose -20*h + g*h + 10336 = 0. List the prime factors of h.
2, 19
Suppose 3*h + 817 = 22*h. Suppose -2*r - 92 = -5*p + 208, -p = 3*r - h. List the prime factors of p.
2, 29
Suppose 5*g - 24831 = -2*n + n, -4*n + 24834 = 5*g. List the prime factors of g.
2, 13, 191
Let w = 8345 - 5236. List the prime factors of w.
3109
Suppose 175*h - 187*h + 5712 = 0. Let v = 1409 - h. List the prime factors of v.
3, 311
Suppose m - 5*k - 33 = 0, 4*k = -3*m - m + 60. Suppose 2*v + m - 28 = 0. Suppose 0 = -5*d - 9*o + 5*o + 940, 2*d - 393 = -v*o. What are the prime factors of d?
2, 23
Suppose 3*b - 2*p - 41383 = 0, 5*b - 101*p + 103*p - 68961 = 0. What are the prime factors of b?
13, 1061
Let n(a) = -40*a**3 - 3*a**2 - 9*a - 86. What are the prime factors of n(-5)?
2, 3, 11, 37
Let o = -28082 + 57755. What are the prime factors of o?
3, 7, 157
Let k(b) = b**3 - 9*b**2 - 2*b + 14. Let f be k(9). What are the prime factors of 4653/21 - (0 + f/(-7))?
13, 17
Let i(m) be the third derivative of 13*m**4/24 - 301*m**3/6 - 56*m**2 - 2. What are the prime factors of i(44)?
271
Let r(d) = d**3 - 15*d**2 + 24*d - 4. Let g be r(14). Suppose j + 3*w = g, 5*j = -2*w + 356 + 324. What are the prime factors of j?
2, 17
Let u(l) = 15*l**3 - 2*l**2 + 140*l + 288. Let y be u(-2). Let z be (-2)/(-2) + 259 - 1. Let x = z + y. What are the prime factors of x?
139
Suppose 4*n + 10 = x + 117, 37 = 2*n + 5*x. Let y(u) = -4*u**2 + 7*u - 1. Let i be y(5). Let v = n - i. List the prime factors of v.
2, 23
List the prime factors of ((-41600)/(-39))/((-2)/(-6)) - 2.
2, 3, 13, 41
Suppose -1102860 = 506*q - 8855792. List the prime factors of q.
2, 47, 163
Let l(u) be the first derivative of -153*u**2/2 + 70*u - 72. What are the prime factors of l(-8)?
2, 647
Suppose -12*u + 10592 + 3568 = 0. List the prime factors of u.
2, 5, 59
Suppose 26*r + 4*r = 60. Suppose -4*s = r*z - 1000, -9*s + 8*s - 3*z = -255. What are the prime factors of s?
3, 83
Suppose -27*w + 4692 = -10*w. Suppose -w = -3*y + 414. List the prime factors of y.
2, 5, 23
Let d(m) = -8*m**2 - 787*m + 6. List the prime factors of d(-6).
2, 3, 5, 37
Let y be (-208)/(-6)*165/110. Suppose -y = -5*c - 37, m - 5*c - 360 = 0. List the prime factors of m.
3, 5
Suppose -7*g = 3*n - 10*g - 4941, 4*n + g - 6603 = 0. What are the prime factors of n?
2, 3, 5, 11
Let a(k) = -k**3 - 21*k**2 - k - 19. Let n be a(-21). Suppose b - n*h = 148, b - 1 = -5*h + 168. What are the prime factors of b?
2, 7, 11
Let p(s) = 2*s**3 + 139*s**2 - 121*s + 60. List the prime factors of p(-67).
2, 3, 2551
List the prime factors of (-3)/9*(-60)/(-16) - (-4594)/8.
3, 191
Let u = -5002 + 35468. List the prime factors of u.
2, 15233
Let r = -10 + 15. Suppose -r*y + 4*j + 8 = 0, 0*j - 6 = -2*y + 3*j. List the prime factors of 92 - (y/4 - 2).
2, 47
Suppose 12*f - 1677 - 69411 = 0. List the prime factors of f.
2, 1481
Let t(n) = -n**3 + 4*n**2 - 6*n + 10. Let m be t(3). List the prime factors of m*24/6*3.
2, 3
Suppose -g - 2 = 0, 4347 - 339 = 2*q + 4*g. Let i = q - 1128. What are the prime factors of i?
2, 5, 11
Suppose -2*c + 3*c = 2*a + 513, -4*c - 2*a + 2012 = 0. Let g = c + -96. List the prime factors of g.
409
Suppose 3*m = 5*f + 1944, 3*m = -8*f + 11*f + 1164. Let k = -50 - f. List the prime factors of k.
2, 5, 17
Suppose 0 = 9*b - 9*b + 25*b. Suppose 4*f - w - 38 = 0, b = -5*f + 5*w + 55. What are the prime factors of f?
3
Suppose 2 = -6*a + 26. Suppose -15*n + 11*n - 5*k + 106 = 0, 3*n = -a*k + 79. List the prime factors 